culate -1 + (0 - 2 - (-2 - 0)).
-1
Evaluate -8 + 4 + 1 - -1.
-2
Evaluate (2 - -13) + -10 + (-5 - -2).
2
Evaluate 51 + -53 + 4 + 0.
2
Calculate (-6 - -3) + 10 + -4 + 0.
3
Calculate 8 - (3 - (-3 + 4)).
6
What is 1 - (0 + 1 + -4) - -3?
7
Calculate -3 + (14 - (-3 - -7)) + -7.
0
What is 5 + -15 + 1 + 5 - -1?
-3
Calculate 0 + 2 + -5 + 5.
2
What is the value of (0 + (-7 - -6) - -1) + -1?
-1
Evaluate -3 - (-5 + 6) - (1 + -2).
-3
Evaluate (-2 - 1) + (-9 - (-7 - 1)).
-4
Evaluate (2 - (4 - 3)) + 0 - 2.
-1
Calculate 3 + (2 + -8 - (-5 + 1)).
1
Calculate -1 - 1 - 0 - -6.
4
-1 + -1 + (3 - 0)
1
Calculate 3 + (-5 + -2 - -6) + -5.
-3
Evaluate 3 + -12 + 5 + 5.
1
3 + 0 - (6 - -2)
-5
What is the value of 3 + -1 + 13 + 0 + -15?
0
What is 2 - ((4 - 5) + 2 - -6)?
-5
1 - (-2 + -5 + 2)
6
What is 0 + -1 - (5 - 4) - -2?
0
2 - ((-3 - 3) + 8)
0
Calculate 5 + 3 - 7 - (-1 - 1).
3
3 + (4 + -4 - 4) + -1
-2
What is the value of (5 - 9) + (-1 - -1) - 1?
-5
Calculate 10 + 1 + -7 + 0 + -1.
3
(-3 - -2) + (-1 - 1)
-3
-1 - (-9 + (1 - -7))
0
What is the value of 16 + -23 + 2 + 0?
-5
Calculate (-5 - -7) + (9 - 4) + -9.
-2
(6 - 0 - -2 - 7) + -7
-6
What is the value of 1 + 9 - (-8 - -17)?
1
Evaluate (-6 - (-1 + -4)) + 6.
5
Evaluate 5 + 76 + -74 + (-3 - 0).
4
Evaluate (-4 - 0) + (-16 - -17 - 0).
-3
Evaluate (0 - ((2 - 6) + 0)) + -8.
-4
What is the value of -6 + (-2 - (-6 - (-6 - -2)))?
-6
What is the value of (6 - -1) + 2 + -17 + 2?
-6
Calculate -1 + 6 - (8 - (-4 + 6)).
-1
Calculate 9 - 5 - (3 + -1).
2
Evaluate (-2 + -2 - 0) + 3.
-1
Calculate (1 - 2) + -1 + (-33 - -34).
-1
What is the value of -22 + 26 - (-2 - -2)?
4
What is the value of (-14 - -10) + 5 + -3?
-2
-3 - (-2 + 2 - -4 - 3)
-4
5 - ((-11 - -16) + 4)
-4
Evaluate (1 - 0) + (-5 - -3) + 3.
2
What is 5 + (10 + 1 - 6)?
10
What is -4 - -8 - 2 - 1?
1
What is the value of 2 + 2 + -2 + -1?
1
Evaluate -3 + 1 + 7 + -7 + -2.
-4
Evaluate 9 + -11 + (-1 - -2).
-1
What is 3 - (-2 + 3 + 7 - 2)?
-3
What is the value of (-3 - -1) + 0 + 0?
-2
What is -15 - (-12 + 7) - -2?
-8
Evaluate (3 - (-9 + 14)) + (0 - 3).
-5
What is the value of 6 + -5 - (3 - (4 - 3))?
-1
What is 0 - (4 + (-4 - 4))?
4
What is the value of -6 - ((-2 - 5) + 3)?
-2
Calculate 7 + -13 + 5 - -1.
0
Evaluate -13 + 13 - (-6 + -3).
9
Calculate 6 + (8 - 6 - 4).
4
Calculate (-5 - -2 - (7 - 8)) + 7.
5
What is the value of 2 + (-2 - 1 - 0)?
-1
Calculate (6 - 5) + (2 - -1) - 1.
3
What is the value of -52 - -63 - (0 + 6)?
5
-16 + 13 + 3 + -3
-3
Evaluate -1 - (1 + (0 - -2) + -9).
5
(-4 - 6) + -1 - -6
-5
What is (0 - -1) + 7 + -7?
1
Calculate -1 - -7 - (3 + 12 - 12).
3
100 - 110 - (0 - (0 + 7))
-3
What is 5 - (2 + -3 + 10)?
-4
What is -1 + 1 + (-112 - -119)?
7
3 + (-1 + -1 - (7 + -1))
-5
2 - -1 - (-3 + -1 - -3)
4
Calculate (3 - 1) + 3 + -2.
3
Evaluate -17 + 7 - -7 - 7 - -7.
-3
What is 17 + (5 - ((5 - 10) + 18))?
9
Calculate 1 - ((-5 - -4) + -1).
3
What is (5 + -8 - (1 + -5)) + -2?
-1
What is 4 - (1 + 4) - -1?
0
-3 - -14 - 15 - (2 - 0)
-6
What is 2 + 4 + 1 + -1 + -2?
4
(11 - (-9 - -14)) + -14
-8
What is (1 - 2) + (6 - 4 - -4)?
5
Calculate -6 - -5 - (-3 - -2) - -2.
2
Calculate -7 + (12 - (8 + -6 - -4)).
-1
Calculate (-4 - 0) + 8 + -3.
1
What is (0 - 1) + (-4 - (-3 + 4))?
-6
What is -4 + 8 + (4 - 4)?
4
-2 - (-1 + (13 - 17))
3
Calculate 6 - ((-7 - (1 + -15)) + -5).
4
Calculate 2 + 0 + (-1 - 6 - -8).
3
What is 1 + (1 - 3) + 5?
4
What is -3 + -3 + 0 + 1 + 2?
-3
(1 - 2) + 2 + -2 + 2
1
(7 + -5 - -2) + 1
5
What is 0 - -4 - (2 - (1 - 4))?
-1
Evaluate -8 + 5 + -12 - -9.
-6
What is the value of 5 + (2 - 0 - 2)?
5
Calculate -9 - (5 + 1 + -16 + 4).
-3
Calculate -8 - ((-6 - 14) + 10).
2
What is the value of 6 - (0 + (0 - -5))?
1
0 - (29 - 31 - (-1 + -2))
-1
What is the value of 5 + 7 + 0 + (-22 - -14)?
4
What is 11 - (21 + -24) - (6 + 0)?
8
Calculate 2 + -2 - (-6 - -8).
-2
What is 4 - -1 - (42 + -32)?
-5
Evaluate 0 + 19 + -68 + 56.
7
Evaluate 5 + (-1 - (-4 + 3)).
5
What is 6 - ((3 - 7) + 9)?
1
What is the value of -11 - (10 - (-7 + 27))?
-1
Evaluate -1 + (0 + 3 - 2).
0
What is 12 - (-4 - -5) - 4?
7
1 + (5 + -14 - -4)
-4
What is 3 + -7 + 3 - (0 - 0)?
-1
Calculate -5 + (4 - -1) + 0 - 2.
-2
Evaluate 11 + (-12 - (-1 - 0)).
0
What is 17 + 1 + (1 - 8)?
11
-2 + (-6 - -7) + (4 - 0)
3
(1 - 8) + -1 + 8 + -2
-2
What is the value of -1 + -2 + -1 - (3 - 4)?
-3
What is the value of -3 - -8 - (22 - 20)?
3
11 + -3 + 0 + -3
5
Calculate 10 + (8 - 14) + -12.
-8
Evaluate (0 - -3) + -8 + -4 + 5.
-4
-5 + (7 - (-3 - -5)) + 3
3
Evaluate -10 - (6 - (7 - -8)).
-1
Calculate (2 - 2) + (3 - 4) + 0.
-1
Calculate 3 + 3 + 0 + -6 + -4.
-4
Evaluate (2 - 3) + 2 + 0 + 4.
5
What is the value of 3 + (2 - (6 - 0))?
-1
What is the value of (4 - 1) + 0 + 2 + 0?
5
What is -1 + 3 + -8 + 6?
0
What is -2 - -8 - (-5 - -10) - 2?
-1
What is -2 - (-3 + 1 + 2 + 3)?
-5
What is 0 - 6 - (2 + 5 + -4)?
-9
Evaluate -1 - 2 - 1 - -4.
0
Evaluate 1 + 1 + 1 - (4 - -3).
-4
What is the value of 10 + -2 - (6 - -4)?
-2
Evaluate (11 - 10) + 6 - 8.
-1
Evaluate 4 + 4 + -4 + (2 - 1).
5
-5 + 12 + -5 + -7
-5
Calculate (3 + -2 - -5) + -3 + 1.
4
What is -1 + -4 + (-1 - -3) + 6?
3
Evaluate (3 - 0) + (-9 - 1) + 5.
-2
What is -8 + (-2 - -8 - (5 + -1))?
-6
17 - (-6 + 13 - -3)
7
Calculate -8 - (-10 - -5) - (-3 + 7).
-7
Evaluate -2 + 0 + 3 + -4.
-3
Evaluate -10 + (-20 - -7) + 19.
-4
(0 - (7 + -1)) + 4
-2
What is the value of (1 - 0) + 0 + 2 - 4?
-1
-8 + 4 + (-5 - (-5 - -1))
-5
Calculate -1 + 1 + 4 + -9 + 2.
-3
Calculate 1 + 4 - (3 - 2 - -7).
-3
(-3 - (1 - -3)) + 3
-4
What is (5 - -1 - 6) + 3?
3
Calculate 17 - (-3 + 14) - 14.
-8
What is 4 + (0 - 2 - 2)?
0
What is the value of -1 - (-6 + -2) - 3?
4
Calculate -6 + 12 - (3 + -1 - -1).
3
Calculate (-1 + -1 - -4) + 10 + -6.
6
What is 1 + 6 - (10 - 6)?
3
What is -1 - (7 + 0) - -4 - -3?
-1
-25 + 16 - (-9 + 3)
-3
What is (-8 - (-1 + -11)) + 7?
11
What is the value of 8 + (-9 - -2) + 3?
4
Evaluate 12 + (5 - 9 - (-2 + 4)).
6
What is the value of -4 + 0 + 2 + (13 - 14)?
-3
10 + -8 + 0 + 2 + -2
2
Evaluate -16 - (-3 - (-6 + 10)).
-9
11 + (4 - (-6 - -10)) - 5
6
What is (0 - 5) + -3 + 3?
-5
(3 + -14 - -10) + 3
2
What is the value of 4 + -13 + 6 + -3?
-6
Calculate 1 - (2 + 4 + -4).
-1
Evaluate -3 + (3 - -1) + 6 + -4.
3
2 + 5 + 1 - 13
-5
What is 7 + -7 + -1 + -3?
-4
Calculate (-1 - (1 - 10)) + -4.
4
What is the value of (1 - 2) + (1 - 2 - 3)?
-5
Calculate 35 - 45 - (3 + -6).
-7
What is the value of 0 + -5 - (0 + (-4 - -3))?
-4
4 - (1 + 3 + 4) - 1
-5
What is -2 + -1 + 3 + -2 + -3?
-5
(3 - -2) + (2 - -1) + -2
6
What is -2 - (-8 + 9 + (0 - 1))?
-2
-7 + -16 + (13 - -2)
-8
(2 - -6) + -3 - (3 - 3)
5
What is the value of 2 + -7 + (-1 - -8) - -2?
4
Calculate (7 - -2) + -27 + 14.
-4
Calculate -5 + (3 - (1 + 3)) + 0.
-6
What is 4 + (2 - (-1 + (1 - -2)))?
4
What is -4 + -5 + 13 + -1?
3
What is -15 + 2 - -4 - -5?
-4
What is (-16 - -9) + -4 - -2?
-9
What is the value of 7 - 3 - (-2 + 3)?
3
(9 - 13) + (0 - (-1 - 2))
-1
Calculate -12 - -4 - -8 - -2.
2
-11 - (9 - 12 - 12)
4
What is 0 - -2 - (-7 - -5)?
4
-8 - (-6 + -1) - (0 + -1)
0
8 + (-5 - (6 - 4))
1
Calculate (2 - (-1 - -4)) + (-11 - -19).
7
Evaluate -3 + 1 + -6 + (13 - 10).
-5
What is 1 + 1 - (7 + -16 + 10)?
1
-16 + 3 - (-18 + 11)
-6
What is (-1 - -1) + 4 + 1?
5
What is the value of 3 + -8 + 4 + -6?
-7
What is 7 + (2 - (-1 + 12)) + 1?
-1
Calculate -4 + 1 + 7 - (23 - 21).
2
What is the value of -12 + 7 - (-4 - 1)?
0
What is 6 - 3 - (-1 - (-10 - -5))?
-1
Calculate -1 - (1 + -5) - (8 + -1).
-4
(27 - (10 - -4)) + -2
11
Calculate -4 + 6 - 1 - -1.
2
-2 + 1 - (-5 - 2) - 11
-5
Evaluate -4 + 4 + 1 + 1 + -2.
0
What is -6 + -1 - (-5 - (-4 + 1))?
-5
What is the value of (-7 - (-6 - 6)) + -5 + -4?
-4
15 - 23 - (-2 + -1)
-5
Calculate -1 + -3 + -8 + 7 - -2.
-3
(5 - -6 - 5) + -5 - 1
0
What is the value of 2 - (1 + 0) - (-312 + 316)?
-3
Calculate 111 + -115 - (1 - 6).
1
What is 0 + -7 - (-13 + 2)?
4
Evaluate 3 + -5 + -1 + 3.
0
Evaluate -6 - -2 - (-1 + 1 + -1).
-3
What is 2 + (2 - 3) - (-22 - -15)?
8
What is (1 - 0) + (0 - 15 - -8)?
-6
What is -2 - (7 + -3 - 6)?
0
2 - 5 - (-4 + -4)
5
What is (0 + 4 - 2) + -3 + 1?
0
Calculate 2 + 1 + (21 - 28).
-4
-15 + 8 + 6 + (2 - 2)
-1
What is -1 - -7 - (1 - 0)?
5
What is the value of 0 + -9 - (-14 + 19 - 8)?
-6
Calculate -5 - -1 - (6 + -8 + 4).
-6
What is the value of -30 - -39 - (7 + 3)?
-1
6 